{"id":5,"date":"2023-08-02T07:24:01","date_gmt":"2023-08-02T07:24:01","guid":{"rendered":"https:\/\/hoanmy.com\/vinh\/kham-suc-khoe-tong-quat\/?page_id=5"},"modified":"2025-11-14T08:44:15","modified_gmt":"2025-11-14T08:44:15","slug":"chien-dich","status":"publish","type":"page","link":"https:\/\/hoanmy.com\/vinh\/kham-suc-khoe-tong-quat\/","title":{"rendered":"Chi\u1ebfn d\u1ecbch"},"content":{"rendered":"","protected":false},"excerpt":{"rendered":"","protected":false},"author":1,"featured_media":0,"parent":0,"menu_order":0,"comment_status":"closed","ping_status":"closed","template":"page-templates\/page-campaign.php","meta":{"inline_featured_image":false,"footnotes":""},"class_list":["post-5","page","type-page","status-publish","hentry"],"acf":[],"yoast_head":"<!-- This site is optimized with the Yoast SEO plugin v23.1 - https:\/\/yoast.com\/wordpress\/plugins\/seo\/ -->\n<title>G\u00d3I KH\u00c1M S\u1ee8C KH\u1eceE - B\u1ec6NH VI\u1ec6N HO\u00c0N M\u1ef8 VINH<\/title>\n<meta name=\"description\" content=\"S\u1ef1 th\u1eadt l\u00e0 m\u1ed9t c\u01a1 th\u1ec3 IM L\u1eb6NG ch\u01b0a ch\u1eafc \u0111\u00e3 \u201cKH\u1eceE M\u1ea0NH\u201d, m\u1ecdi c\u0103n b\u1ec7nh \u0111\u1ec1u tr\u1ea3i qua th\u1eddi gian \u1ee7 b\u1ec7nh. L\u00fac n\u00e0y, c\u01a1 th\u1ec3 s\u1ebd kh\u00f4ng c\u00f3 b\u1ea5t k\u1ef3 bi\u1ec3u hi\u1ec7n b\u1ea5t th\u01b0\u1eddng n\u00e0o n\u00ean r\u1ea5t d\u1ec5 nh\u1ea7m t\u01b0\u1edfng v\u1eabn \u0111ang kh\u1ecfe m\u1ea1nh, v\u00f4 t\u00ecnh b\u1ecf qua th\u1eddi \u0111i\u1ec3m t\u1ed1t nh\u1ea5t \u0111\u1ec3 \u0111i\u1ec1u tr\u1ecb b\u1ec7nh. V\u00e0 nh\u1eefng l\u00fd do \u0111\u1ec3 m\u1ecdi ng\u01b0\u1eddi t\u1eeb ch\u1ed1i kh\u00e1m s\u1ee9c kh\u1ecfe th\u01b0\u1eddng xu\u1ea5t ph\u00e1t t\u1eeb ni\u1ec1m tin v\u00e0o s\u1ee9c kh\u1ecfe b\u1ea3n th\u00e2n ho\u1eb7c n\u1ed7i s\u1ee3 t\u1ed1n k\u00e9m, s\u1ee3 t\u1ed1n c\u00f4ng v\u00f4 \u00edch, s\u1ee3 m\u1ea5t th\u1eddi gian. Nh\u01b0ng nh\u1eefng ni\u1ec1m tin n\u00e0y li\u1ec7u c\u00f3 \u0111\u00fang, nh\u1eefng n\u1ed7i s\u1ee3 n\u00e0y c\u00f3 th\u1eadt s\u1ef1 \u0111\u00e1ng s\u1ee3?\" \/>\n<meta name=\"robots\" content=\"index, follow, max-snippet:-1, max-image-preview:large, max-video-preview:-1\" \/>\n<link rel=\"canonical\" href=\"https:\/\/hoanmy.com\/vinh\/kham-suc-khoe-tong-quat\/\" \/>\n<meta property=\"og:locale\" content=\"vi_VN\" \/>\n<meta property=\"og:type\" content=\"article\" \/>\n<meta property=\"og:title\" content=\"G\u00d3I KH\u00c1M S\u1ee8C KH\u1eceE - B\u1ec6NH VI\u1ec6N HO\u00c0N M\u1ef8 VINH\" \/>\n<meta property=\"og:description\" content=\"S\u1ef1 th\u1eadt l\u00e0 m\u1ed9t c\u01a1 th\u1ec3 IM L\u1eb6NG ch\u01b0a ch\u1eafc \u0111\u00e3 \u201cKH\u1eceE M\u1ea0NH\u201d, m\u1ecdi c\u0103n b\u1ec7nh \u0111\u1ec1u tr\u1ea3i qua th\u1eddi gian \u1ee7 b\u1ec7nh. L\u00fac n\u00e0y, c\u01a1 th\u1ec3 s\u1ebd kh\u00f4ng c\u00f3 b\u1ea5t k\u1ef3 bi\u1ec3u hi\u1ec7n b\u1ea5t th\u01b0\u1eddng n\u00e0o n\u00ean r\u1ea5t d\u1ec5 nh\u1ea7m t\u01b0\u1edfng v\u1eabn \u0111ang kh\u1ecfe m\u1ea1nh, v\u00f4 t\u00ecnh b\u1ecf qua th\u1eddi \u0111i\u1ec3m t\u1ed1t nh\u1ea5t \u0111\u1ec3 \u0111i\u1ec1u tr\u1ecb b\u1ec7nh. V\u00e0 nh\u1eefng l\u00fd do \u0111\u1ec3 m\u1ecdi ng\u01b0\u1eddi t\u1eeb ch\u1ed1i kh\u00e1m s\u1ee9c kh\u1ecfe th\u01b0\u1eddng xu\u1ea5t ph\u00e1t t\u1eeb ni\u1ec1m tin v\u00e0o s\u1ee9c kh\u1ecfe b\u1ea3n th\u00e2n ho\u1eb7c n\u1ed7i s\u1ee3 t\u1ed1n k\u00e9m, s\u1ee3 t\u1ed1n c\u00f4ng v\u00f4 \u00edch, s\u1ee3 m\u1ea5t th\u1eddi gian. Nh\u01b0ng nh\u1eefng ni\u1ec1m tin n\u00e0y li\u1ec7u c\u00f3 \u0111\u00fang, nh\u1eefng n\u1ed7i s\u1ee3 n\u00e0y c\u00f3 th\u1eadt s\u1ef1 \u0111\u00e1ng s\u1ee3?\" \/>\n<meta property=\"og:url\" content=\"https:\/\/hoanmy.com\/vinh\/kham-suc-khoe-tong-quat\/\" \/>\n<meta property=\"og:site_name\" content=\"B\u1ec7nh vi\u1ec7n Qu\u1ed1c t\u1ebf Ho\u00e0n M\u1ef9 Vinh\" \/>\n<meta property=\"article:modified_time\" content=\"2025-11-14T08:44:15+00:00\" \/>\n<meta property=\"og:image\" content=\"https:\/\/hoanmy.com\/vinh\/kham-suc-khoe-tong-quat\/wp-content\/uploads\/2023\/08\/pic2.png\" \/>\n\t<meta property=\"og:image:width\" content=\"490\" \/>\n\t<meta property=\"og:image:height\" content=\"650\" \/>\n\t<meta property=\"og:image:type\" content=\"image\/png\" \/>\n<meta name=\"twitter:card\" content=\"summary_large_image\" \/>\n<meta name=\"twitter:title\" content=\"G\u00d3I KH\u00c1M S\u1ee8C KH\u1eceE - B\u1ec6NH VI\u1ec6N HO\u00c0N M\u1ef8 VINH\" \/>\n<meta name=\"twitter:description\" content=\"S\u1ef1 th\u1eadt l\u00e0 m\u1ed9t c\u01a1 th\u1ec3 IM L\u1eb6NG ch\u01b0a ch\u1eafc \u0111\u00e3 \u201cKH\u1eceE M\u1ea0NH\u201d, m\u1ecdi c\u0103n b\u1ec7nh \u0111\u1ec1u tr\u1ea3i qua th\u1eddi gian \u1ee7 b\u1ec7nh. L\u00fac n\u00e0y, c\u01a1 th\u1ec3 s\u1ebd kh\u00f4ng c\u00f3 b\u1ea5t k\u1ef3 bi\u1ec3u hi\u1ec7n b\u1ea5t th\u01b0\u1eddng n\u00e0o n\u00ean r\u1ea5t d\u1ec5 nh\u1ea7m t\u01b0\u1edfng v\u1eabn \u0111ang kh\u1ecfe m\u1ea1nh, v\u00f4 t\u00ecnh b\u1ecf qua th\u1eddi \u0111i\u1ec3m t\u1ed1t nh\u1ea5t \u0111\u1ec3 \u0111i\u1ec1u tr\u1ecb b\u1ec7nh. V\u00e0 nh\u1eefng l\u00fd do \u0111\u1ec3 m\u1ecdi ng\u01b0\u1eddi t\u1eeb ch\u1ed1i kh\u00e1m s\u1ee9c kh\u1ecfe th\u01b0\u1eddng xu\u1ea5t ph\u00e1t t\u1eeb ni\u1ec1m tin v\u00e0o s\u1ee9c kh\u1ecfe b\u1ea3n th\u00e2n ho\u1eb7c n\u1ed7i s\u1ee3 t\u1ed1n k\u00e9m, s\u1ee3 t\u1ed1n c\u00f4ng v\u00f4 \u00edch, s\u1ee3 m\u1ea5t th\u1eddi gian. Nh\u01b0ng nh\u1eefng ni\u1ec1m tin n\u00e0y li\u1ec7u c\u00f3 \u0111\u00fang, nh\u1eefng n\u1ed7i s\u1ee3 n\u00e0y c\u00f3 th\u1eadt s\u1ef1 \u0111\u00e1ng s\u1ee3?\" \/>\n<meta name=\"twitter:image\" content=\"https:\/\/hoanmy.com\/vinh\/kham-suc-khoe-tong-quat\/wp-content\/uploads\/2023\/08\/pic2.png\" \/>\n<script type=\"application\/ld+json\" class=\"yoast-schema-graph\">{\"@context\":\"https:\/\/schema.org\",\"@graph\":[{\"@type\":\"WebPage\",\"@id\":\"https:\/\/hoanmy.com\/vinh\/kham-suc-khoe-tong-quat\/\",\"url\":\"https:\/\/hoanmy.com\/vinh\/kham-suc-khoe-tong-quat\/\",\"name\":\"G\u00d3I KH\u00c1M S\u1ee8C KH\u1eceE - B\u1ec6NH VI\u1ec6N HO\u00c0N M\u1ef8 VINH\",\"isPartOf\":{\"@id\":\"https:\/\/hoanmy.com\/vinh\/kham-suc-khoe-tong-quat\/#website\"},\"datePublished\":\"2023-08-02T07:24:01+00:00\",\"dateModified\":\"2025-11-14T08:44:15+00:00\",\"description\":\"S\u1ef1 th\u1eadt l\u00e0 m\u1ed9t c\u01a1 th\u1ec3 IM L\u1eb6NG ch\u01b0a ch\u1eafc \u0111\u00e3 \u201cKH\u1eceE M\u1ea0NH\u201d, m\u1ecdi c\u0103n b\u1ec7nh \u0111\u1ec1u tr\u1ea3i qua th\u1eddi gian \u1ee7 b\u1ec7nh. L\u00fac n\u00e0y, c\u01a1 th\u1ec3 s\u1ebd kh\u00f4ng c\u00f3 b\u1ea5t k\u1ef3 bi\u1ec3u hi\u1ec7n b\u1ea5t th\u01b0\u1eddng n\u00e0o n\u00ean r\u1ea5t d\u1ec5 nh\u1ea7m t\u01b0\u1edfng v\u1eabn \u0111ang kh\u1ecfe m\u1ea1nh, v\u00f4 t\u00ecnh b\u1ecf qua th\u1eddi \u0111i\u1ec3m t\u1ed1t nh\u1ea5t \u0111\u1ec3 \u0111i\u1ec1u tr\u1ecb b\u1ec7nh. V\u00e0 nh\u1eefng l\u00fd do \u0111\u1ec3 m\u1ecdi ng\u01b0\u1eddi t\u1eeb ch\u1ed1i kh\u00e1m s\u1ee9c kh\u1ecfe th\u01b0\u1eddng xu\u1ea5t ph\u00e1t t\u1eeb ni\u1ec1m tin v\u00e0o s\u1ee9c kh\u1ecfe b\u1ea3n th\u00e2n ho\u1eb7c n\u1ed7i s\u1ee3 t\u1ed1n k\u00e9m, s\u1ee3 t\u1ed1n c\u00f4ng v\u00f4 \u00edch, s\u1ee3 m\u1ea5t th\u1eddi gian. Nh\u01b0ng nh\u1eefng ni\u1ec1m tin n\u00e0y li\u1ec7u c\u00f3 \u0111\u00fang, nh\u1eefng n\u1ed7i s\u1ee3 n\u00e0y c\u00f3 th\u1eadt s\u1ef1 \u0111\u00e1ng s\u1ee3?\",\"breadcrumb\":{\"@id\":\"https:\/\/hoanmy.com\/vinh\/kham-suc-khoe-tong-quat\/#breadcrumb\"},\"inLanguage\":\"vi\",\"potentialAction\":[{\"@type\":\"ReadAction\",\"target\":[\"https:\/\/hoanmy.com\/vinh\/kham-suc-khoe-tong-quat\/\"]}]},{\"@type\":\"BreadcrumbList\",\"@id\":\"https:\/\/hoanmy.com\/vinh\/kham-suc-khoe-tong-quat\/#breadcrumb\",\"itemListElement\":[{\"@type\":\"ListItem\",\"position\":1,\"name\":\"Trang ch\u1ee7\",\"item\":\"https:\/\/hoanmy.com\/vinh\/kham-suc-khoe-tong-quat\/\"},{\"@type\":\"ListItem\",\"position\":2,\"name\":\"Chi\u1ebfn d\u1ecbch\"}]},{\"@type\":\"WebSite\",\"@id\":\"https:\/\/hoanmy.com\/vinh\/kham-suc-khoe-tong-quat\/#website\",\"url\":\"https:\/\/hoanmy.com\/vinh\/kham-suc-khoe-tong-quat\/\",\"name\":\"B\u1ec7nh vi\u1ec7n Qu\u1ed1c t\u1ebf Ho\u00e0n M\u1ef9 Vinh\",\"description\":\"Kh\u00e1m s\u1ee9c kh\u1ecfe\",\"potentialAction\":[{\"@type\":\"SearchAction\",\"target\":{\"@type\":\"EntryPoint\",\"urlTemplate\":\"https:\/\/hoanmy.com\/vinh\/kham-suc-khoe-tong-quat\/?s={search_term_string}\"},\"query-input\":\"required name=search_term_string\"}],\"inLanguage\":\"vi\"}]}<\/script>\n<!-- \/ Yoast SEO plugin. -->","yoast_head_json":{"title":"G\u00d3I KH\u00c1M S\u1ee8C KH\u1eceE - B\u1ec6NH VI\u1ec6N HO\u00c0N M\u1ef8 VINH","description":"S\u1ef1 th\u1eadt l\u00e0 m\u1ed9t c\u01a1 th\u1ec3 IM L\u1eb6NG ch\u01b0a ch\u1eafc \u0111\u00e3 \u201cKH\u1eceE M\u1ea0NH\u201d, m\u1ecdi c\u0103n b\u1ec7nh \u0111\u1ec1u tr\u1ea3i qua th\u1eddi gian \u1ee7 b\u1ec7nh. L\u00fac n\u00e0y, c\u01a1 th\u1ec3 s\u1ebd kh\u00f4ng c\u00f3 b\u1ea5t k\u1ef3 bi\u1ec3u hi\u1ec7n b\u1ea5t th\u01b0\u1eddng n\u00e0o n\u00ean r\u1ea5t d\u1ec5 nh\u1ea7m t\u01b0\u1edfng v\u1eabn \u0111ang kh\u1ecfe m\u1ea1nh, v\u00f4 t\u00ecnh b\u1ecf qua th\u1eddi \u0111i\u1ec3m t\u1ed1t nh\u1ea5t \u0111\u1ec3 \u0111i\u1ec1u tr\u1ecb b\u1ec7nh. V\u00e0 nh\u1eefng l\u00fd do \u0111\u1ec3 m\u1ecdi ng\u01b0\u1eddi t\u1eeb ch\u1ed1i kh\u00e1m s\u1ee9c kh\u1ecfe th\u01b0\u1eddng xu\u1ea5t ph\u00e1t t\u1eeb ni\u1ec1m tin v\u00e0o s\u1ee9c kh\u1ecfe b\u1ea3n th\u00e2n ho\u1eb7c n\u1ed7i s\u1ee3 t\u1ed1n k\u00e9m, s\u1ee3 t\u1ed1n c\u00f4ng v\u00f4 \u00edch, s\u1ee3 m\u1ea5t th\u1eddi gian. Nh\u01b0ng nh\u1eefng ni\u1ec1m tin n\u00e0y li\u1ec7u c\u00f3 \u0111\u00fang, nh\u1eefng n\u1ed7i s\u1ee3 n\u00e0y c\u00f3 th\u1eadt s\u1ef1 \u0111\u00e1ng s\u1ee3?","robots":{"index":"index","follow":"follow","max-snippet":"max-snippet:-1","max-image-preview":"max-image-preview:large","max-video-preview":"max-video-preview:-1"},"canonical":"https:\/\/hoanmy.com\/vinh\/kham-suc-khoe-tong-quat\/","og_locale":"vi_VN","og_type":"article","og_title":"G\u00d3I KH\u00c1M S\u1ee8C KH\u1eceE - B\u1ec6NH VI\u1ec6N HO\u00c0N M\u1ef8 VINH","og_description":"S\u1ef1 th\u1eadt l\u00e0 m\u1ed9t c\u01a1 th\u1ec3 IM L\u1eb6NG ch\u01b0a ch\u1eafc \u0111\u00e3 \u201cKH\u1eceE M\u1ea0NH\u201d, m\u1ecdi c\u0103n b\u1ec7nh \u0111\u1ec1u tr\u1ea3i qua th\u1eddi gian \u1ee7 b\u1ec7nh. L\u00fac n\u00e0y, c\u01a1 th\u1ec3 s\u1ebd kh\u00f4ng c\u00f3 b\u1ea5t k\u1ef3 bi\u1ec3u hi\u1ec7n b\u1ea5t th\u01b0\u1eddng n\u00e0o n\u00ean r\u1ea5t d\u1ec5 nh\u1ea7m t\u01b0\u1edfng v\u1eabn \u0111ang kh\u1ecfe m\u1ea1nh, v\u00f4 t\u00ecnh b\u1ecf qua th\u1eddi \u0111i\u1ec3m t\u1ed1t nh\u1ea5t \u0111\u1ec3 \u0111i\u1ec1u tr\u1ecb b\u1ec7nh. V\u00e0 nh\u1eefng l\u00fd do \u0111\u1ec3 m\u1ecdi ng\u01b0\u1eddi t\u1eeb ch\u1ed1i kh\u00e1m s\u1ee9c kh\u1ecfe th\u01b0\u1eddng xu\u1ea5t ph\u00e1t t\u1eeb ni\u1ec1m tin v\u00e0o s\u1ee9c kh\u1ecfe b\u1ea3n th\u00e2n ho\u1eb7c n\u1ed7i s\u1ee3 t\u1ed1n k\u00e9m, s\u1ee3 t\u1ed1n c\u00f4ng v\u00f4 \u00edch, s\u1ee3 m\u1ea5t th\u1eddi gian. Nh\u01b0ng nh\u1eefng ni\u1ec1m tin n\u00e0y li\u1ec7u c\u00f3 \u0111\u00fang, nh\u1eefng n\u1ed7i s\u1ee3 n\u00e0y c\u00f3 th\u1eadt s\u1ef1 \u0111\u00e1ng s\u1ee3?","og_url":"https:\/\/hoanmy.com\/vinh\/kham-suc-khoe-tong-quat\/","og_site_name":"B\u1ec7nh vi\u1ec7n Qu\u1ed1c t\u1ebf Ho\u00e0n M\u1ef9 Vinh","article_modified_time":"2025-11-14T08:44:15+00:00","og_image":[{"width":490,"height":650,"url":"https:\/\/hoanmy.com\/vinh\/kham-suc-khoe-tong-quat\/wp-content\/uploads\/2023\/08\/pic2.png","type":"image\/png"}],"twitter_card":"summary_large_image","twitter_title":"G\u00d3I KH\u00c1M S\u1ee8C KH\u1eceE - B\u1ec6NH VI\u1ec6N HO\u00c0N M\u1ef8 VINH","twitter_description":"S\u1ef1 th\u1eadt l\u00e0 m\u1ed9t c\u01a1 th\u1ec3 IM L\u1eb6NG ch\u01b0a ch\u1eafc \u0111\u00e3 \u201cKH\u1eceE M\u1ea0NH\u201d, m\u1ecdi c\u0103n b\u1ec7nh \u0111\u1ec1u tr\u1ea3i qua th\u1eddi gian \u1ee7 b\u1ec7nh. L\u00fac n\u00e0y, c\u01a1 th\u1ec3 s\u1ebd kh\u00f4ng c\u00f3 b\u1ea5t k\u1ef3 bi\u1ec3u hi\u1ec7n b\u1ea5t th\u01b0\u1eddng n\u00e0o n\u00ean r\u1ea5t d\u1ec5 nh\u1ea7m t\u01b0\u1edfng v\u1eabn \u0111ang kh\u1ecfe m\u1ea1nh, v\u00f4 t\u00ecnh b\u1ecf qua th\u1eddi \u0111i\u1ec3m t\u1ed1t nh\u1ea5t \u0111\u1ec3 \u0111i\u1ec1u tr\u1ecb b\u1ec7nh. V\u00e0 nh\u1eefng l\u00fd do \u0111\u1ec3 m\u1ecdi ng\u01b0\u1eddi t\u1eeb ch\u1ed1i kh\u00e1m s\u1ee9c kh\u1ecfe th\u01b0\u1eddng xu\u1ea5t ph\u00e1t t\u1eeb ni\u1ec1m tin v\u00e0o s\u1ee9c kh\u1ecfe b\u1ea3n th\u00e2n ho\u1eb7c n\u1ed7i s\u1ee3 t\u1ed1n k\u00e9m, s\u1ee3 t\u1ed1n c\u00f4ng v\u00f4 \u00edch, s\u1ee3 m\u1ea5t th\u1eddi gian. Nh\u01b0ng nh\u1eefng ni\u1ec1m tin n\u00e0y li\u1ec7u c\u00f3 \u0111\u00fang, nh\u1eefng n\u1ed7i s\u1ee3 n\u00e0y c\u00f3 th\u1eadt s\u1ef1 \u0111\u00e1ng s\u1ee3?","twitter_image":"https:\/\/hoanmy.com\/vinh\/kham-suc-khoe-tong-quat\/wp-content\/uploads\/2023\/08\/pic2.png","schema":{"@context":"https:\/\/schema.org","@graph":[{"@type":"WebPage","@id":"https:\/\/hoanmy.com\/vinh\/kham-suc-khoe-tong-quat\/","url":"https:\/\/hoanmy.com\/vinh\/kham-suc-khoe-tong-quat\/","name":"G\u00d3I KH\u00c1M S\u1ee8C KH\u1eceE - B\u1ec6NH VI\u1ec6N HO\u00c0N M\u1ef8 VINH","isPartOf":{"@id":"https:\/\/hoanmy.com\/vinh\/kham-suc-khoe-tong-quat\/#website"},"datePublished":"2023-08-02T07:24:01+00:00","dateModified":"2025-11-14T08:44:15+00:00","description":"S\u1ef1 th\u1eadt l\u00e0 m\u1ed9t c\u01a1 th\u1ec3 IM L\u1eb6NG ch\u01b0a ch\u1eafc \u0111\u00e3 \u201cKH\u1eceE M\u1ea0NH\u201d, m\u1ecdi c\u0103n b\u1ec7nh \u0111\u1ec1u tr\u1ea3i qua th\u1eddi gian \u1ee7 b\u1ec7nh. L\u00fac n\u00e0y, c\u01a1 th\u1ec3 s\u1ebd kh\u00f4ng c\u00f3 b\u1ea5t k\u1ef3 bi\u1ec3u hi\u1ec7n b\u1ea5t th\u01b0\u1eddng n\u00e0o n\u00ean r\u1ea5t d\u1ec5 nh\u1ea7m t\u01b0\u1edfng v\u1eabn \u0111ang kh\u1ecfe m\u1ea1nh, v\u00f4 t\u00ecnh b\u1ecf qua th\u1eddi \u0111i\u1ec3m t\u1ed1t nh\u1ea5t \u0111\u1ec3 \u0111i\u1ec1u tr\u1ecb b\u1ec7nh. V\u00e0 nh\u1eefng l\u00fd do \u0111\u1ec3 m\u1ecdi ng\u01b0\u1eddi t\u1eeb ch\u1ed1i kh\u00e1m s\u1ee9c kh\u1ecfe th\u01b0\u1eddng xu\u1ea5t ph\u00e1t t\u1eeb ni\u1ec1m tin v\u00e0o s\u1ee9c kh\u1ecfe b\u1ea3n th\u00e2n ho\u1eb7c n\u1ed7i s\u1ee3 t\u1ed1n k\u00e9m, s\u1ee3 t\u1ed1n c\u00f4ng v\u00f4 \u00edch, s\u1ee3 m\u1ea5t th\u1eddi gian. Nh\u01b0ng nh\u1eefng ni\u1ec1m tin n\u00e0y li\u1ec7u c\u00f3 \u0111\u00fang, nh\u1eefng n\u1ed7i s\u1ee3 n\u00e0y c\u00f3 th\u1eadt s\u1ef1 \u0111\u00e1ng s\u1ee3?","breadcrumb":{"@id":"https:\/\/hoanmy.com\/vinh\/kham-suc-khoe-tong-quat\/#breadcrumb"},"inLanguage":"vi","potentialAction":[{"@type":"ReadAction","target":["https:\/\/hoanmy.com\/vinh\/kham-suc-khoe-tong-quat\/"]}]},{"@type":"BreadcrumbList","@id":"https:\/\/hoanmy.com\/vinh\/kham-suc-khoe-tong-quat\/#breadcrumb","itemListElement":[{"@type":"ListItem","position":1,"name":"Trang ch\u1ee7","item":"https:\/\/hoanmy.com\/vinh\/kham-suc-khoe-tong-quat\/"},{"@type":"ListItem","position":2,"name":"Chi\u1ebfn d\u1ecbch"}]},{"@type":"WebSite","@id":"https:\/\/hoanmy.com\/vinh\/kham-suc-khoe-tong-quat\/#website","url":"https:\/\/hoanmy.com\/vinh\/kham-suc-khoe-tong-quat\/","name":"B\u1ec7nh vi\u1ec7n Qu\u1ed1c t\u1ebf Ho\u00e0n M\u1ef9 Vinh","description":"Kh\u00e1m s\u1ee9c kh\u1ecfe","potentialAction":[{"@type":"SearchAction","target":{"@type":"EntryPoint","urlTemplate":"https:\/\/hoanmy.com\/vinh\/kham-suc-khoe-tong-quat\/?s={search_term_string}"},"query-input":"required name=search_term_string"}],"inLanguage":"vi"}]}},"_links":{"self":[{"href":"https:\/\/hoanmy.com\/vinh\/kham-suc-khoe-tong-quat\/wp-json\/wp\/v2\/pages\/5"}],"collection":[{"href":"https:\/\/hoanmy.com\/vinh\/kham-suc-khoe-tong-quat\/wp-json\/wp\/v2\/pages"}],"about":[{"href":"https:\/\/hoanmy.com\/vinh\/kham-suc-khoe-tong-quat\/wp-json\/wp\/v2\/types\/page"}],"author":[{"embeddable":true,"href":"https:\/\/hoanmy.com\/vinh\/kham-suc-khoe-tong-quat\/wp-json\/wp\/v2\/users\/1"}],"replies":[{"embeddable":true,"href":"https:\/\/hoanmy.com\/vinh\/kham-suc-khoe-tong-quat\/wp-json\/wp\/v2\/comments?post=5"}],"version-history":[{"count":42,"href":"https:\/\/hoanmy.com\/vinh\/kham-suc-khoe-tong-quat\/wp-json\/wp\/v2\/pages\/5\/revisions"}],"predecessor-version":[{"id":170,"href":"https:\/\/hoanmy.com\/vinh\/kham-suc-khoe-tong-quat\/wp-json\/wp\/v2\/pages\/5\/revisions\/170"}],"wp:attachment":[{"href":"https:\/\/hoanmy.com\/vinh\/kham-suc-khoe-tong-quat\/wp-json\/wp\/v2\/media?parent=5"}],"curies":[{"name":"wp","href":"https:\/\/api.w.org\/{rel}","templated":true}]}}