{"id":125,"date":"2023-10-03T06:27:04","date_gmt":"2023-10-03T06:27:04","guid":{"rendered":"https:\/\/hoanmy.com\/cuulong\/kham-suc-khoe-tong-quat\/?page_id=125"},"modified":"2025-07-30T03:56:11","modified_gmt":"2025-07-30T03:56:11","slug":"hoan-my","status":"publish","type":"page","link":"https:\/\/hoanmy.com\/cuulong\/kham-suc-khoe-tong-quat\/","title":{"rendered":"Trang ch\u1ee7"},"content":{"rendered":"","protected":false},"excerpt":{"rendered":"","protected":false},"author":1,"featured_media":0,"parent":0,"menu_order":0,"comment_status":"closed","ping_status":"closed","template":"","meta":{"inline_featured_image":false,"footnotes":""},"class_list":["post-125","page","type-page","status-publish","hentry"],"acf":[],"yoast_head":"<!-- This site is optimized with the Yoast SEO plugin v23.1 - https:\/\/yoast.com\/wordpress\/plugins\/seo\/ -->\n<title>KH\u00c1M S\u1ee8C KH\u1eceE T\u1ed4NG QU\u00c1T - B\u1ec7nh vi\u1ec7n Ho\u00e0n M\u1ef9 C\u1eedu Long<\/title>\n<meta name=\"description\" content=\"Kh\u00e1m s\u1ee9c kho\u1ebb t\u1ed5ng qu\u00e1t \u0111\u1ecbnh k\u1ef3 ng\u00e0y c\u00e0ng tr\u1edf th\u00e0nh m\u1ed1i quan t\u00e2m h\u00e0ng \u0111\u1ea7u c\u1ee7a nhi\u1ec1u ng\u01b0\u1eddi, \u0111\u1eb7c bi\u1ec7t v\u1edbi nh\u1eefng ng\u01b0\u1eddi b\u1eadn r\u1ed9n. Th\u1ea5u hi\u1ec3u tr\u0103n tr\u1edf n\u00e0y, Khoa Kh\u00e1m s\u1ee9c kh\u1ecfe B\u1ec7nh vi\u1ec7n Ho\u00e0n M\u1ef9 C\u1eedu Long \u0111\u00e3 chuy\u00ean t\u00e2m tri\u1ec3n khai \u0111a d\u1ea1ng c\u00e1c g\u00f3i kh\u00e1m, gi\u00fap kh\u00e1ch h\u00e0ng ch\u1ee7 \u0111\u1ed9ng h\u01a1n trong vi\u1ec7c ch\u0103m s\u00f3c s\u1ee9c kho\u1ebb hi\u1ec7u qu\u1ea3 v\u1edbi m\u1ee9c chi ph\u00ed h\u1ee3p l\u00fd.\" \/>\n<meta name=\"robots\" content=\"noindex, follow, max-snippet:-1, max-image-preview:large, max-video-preview:-1\" \/>\n<meta property=\"og:locale\" content=\"vi_VN\" \/>\n<meta property=\"og:type\" content=\"article\" \/>\n<meta property=\"og:title\" content=\"KH\u00c1M S\u1ee8C KH\u1eceE T\u1ed4NG QU\u00c1T - B\u1ec7nh vi\u1ec7n Ho\u00e0n M\u1ef9 C\u1eedu Long\" \/>\n<meta property=\"og:description\" content=\"Kh\u00e1m s\u1ee9c kho\u1ebb t\u1ed5ng qu\u00e1t \u0111\u1ecbnh k\u1ef3 ng\u00e0y c\u00e0ng tr\u1edf th\u00e0nh m\u1ed1i quan t\u00e2m h\u00e0ng \u0111\u1ea7u c\u1ee7a nhi\u1ec1u ng\u01b0\u1eddi, \u0111\u1eb7c bi\u1ec7t v\u1edbi nh\u1eefng ng\u01b0\u1eddi b\u1eadn r\u1ed9n. Th\u1ea5u hi\u1ec3u tr\u0103n tr\u1edf n\u00e0y, Khoa Kh\u00e1m s\u1ee9c kh\u1ecfe B\u1ec7nh vi\u1ec7n Ho\u00e0n M\u1ef9 C\u1eedu Long \u0111\u00e3 chuy\u00ean t\u00e2m tri\u1ec3n khai \u0111a d\u1ea1ng c\u00e1c g\u00f3i kh\u00e1m, gi\u00fap kh\u00e1ch h\u00e0ng ch\u1ee7 \u0111\u1ed9ng h\u01a1n trong vi\u1ec7c ch\u0103m s\u00f3c s\u1ee9c kho\u1ebb hi\u1ec7u qu\u1ea3 v\u1edbi m\u1ee9c chi ph\u00ed h\u1ee3p l\u00fd.\" \/>\n<meta property=\"og:url\" content=\"https:\/\/hoanmy.com\/cuulong\/kham-suc-khoe-tong-quat\/\" \/>\n<meta property=\"og:site_name\" content=\"Hoan My\" \/>\n<meta property=\"article:modified_time\" content=\"2025-07-30T03:56:11+00:00\" \/>\n<meta property=\"og:image\" content=\"https:\/\/hoanmy.com\/cuulong\/kham-suc-khoe-tong-quat\/wp-content\/uploads\/2024\/01\/Rectangle-5916.png\" \/>\n\t<meta property=\"og:image:width\" content=\"692\" \/>\n\t<meta property=\"og:image:height\" content=\"461\" \/>\n\t<meta property=\"og:image:type\" content=\"image\/png\" \/>\n<meta name=\"twitter:card\" content=\"summary_large_image\" \/>\n<meta name=\"twitter:title\" content=\"KH\u00c1M S\u1ee8C KH\u1eceE T\u1ed4NG QU\u00c1T - B\u1ec7nh vi\u1ec7n Ho\u00e0n M\u1ef9 C\u1eedu Long\" \/>\n<meta name=\"twitter:description\" content=\"Kh\u00e1m s\u1ee9c kho\u1ebb t\u1ed5ng qu\u00e1t \u0111\u1ecbnh k\u1ef3 ng\u00e0y c\u00e0ng tr\u1edf th\u00e0nh m\u1ed1i quan t\u00e2m h\u00e0ng \u0111\u1ea7u c\u1ee7a nhi\u1ec1u ng\u01b0\u1eddi, \u0111\u1eb7c bi\u1ec7t v\u1edbi nh\u1eefng ng\u01b0\u1eddi b\u1eadn r\u1ed9n. Th\u1ea5u hi\u1ec3u tr\u0103n tr\u1edf n\u00e0y, Khoa Kh\u00e1m s\u1ee9c kh\u1ecfe B\u1ec7nh vi\u1ec7n Ho\u00e0n M\u1ef9 C\u1eedu Long \u0111\u00e3 chuy\u00ean t\u00e2m tri\u1ec3n khai \u0111a d\u1ea1ng c\u00e1c g\u00f3i kh\u00e1m, gi\u00fap kh\u00e1ch h\u00e0ng ch\u1ee7 \u0111\u1ed9ng h\u01a1n trong vi\u1ec7c ch\u0103m s\u00f3c s\u1ee9c kho\u1ebb hi\u1ec7u qu\u1ea3 v\u1edbi m\u1ee9c chi ph\u00ed h\u1ee3p l\u00fd.\" \/>\n<script type=\"application\/ld+json\" class=\"yoast-schema-graph\">{\"@context\":\"https:\/\/schema.org\",\"@graph\":[{\"@type\":\"WebPage\",\"@id\":\"https:\/\/hoanmy.com\/cuulong\/kham-suc-khoe-tong-quat\/\",\"url\":\"https:\/\/hoanmy.com\/cuulong\/kham-suc-khoe-tong-quat\/\",\"name\":\"KH\u00c1M S\u1ee8C KH\u1eceE T\u1ed4NG QU\u00c1T - B\u1ec7nh vi\u1ec7n Ho\u00e0n M\u1ef9 C\u1eedu Long\",\"isPartOf\":{\"@id\":\"https:\/\/hoanmy.com\/cuulong\/kham-suc-khoe-tong-quat\/#website\"},\"datePublished\":\"2023-10-03T06:27:04+00:00\",\"dateModified\":\"2025-07-30T03:56:11+00:00\",\"description\":\"Kh\u00e1m s\u1ee9c kho\u1ebb t\u1ed5ng qu\u00e1t \u0111\u1ecbnh k\u1ef3 ng\u00e0y c\u00e0ng tr\u1edf th\u00e0nh m\u1ed1i quan t\u00e2m h\u00e0ng \u0111\u1ea7u c\u1ee7a nhi\u1ec1u ng\u01b0\u1eddi, \u0111\u1eb7c bi\u1ec7t v\u1edbi nh\u1eefng ng\u01b0\u1eddi b\u1eadn r\u1ed9n. Th\u1ea5u hi\u1ec3u tr\u0103n tr\u1edf n\u00e0y, Khoa Kh\u00e1m s\u1ee9c kh\u1ecfe B\u1ec7nh vi\u1ec7n Ho\u00e0n M\u1ef9 C\u1eedu Long \u0111\u00e3 chuy\u00ean t\u00e2m tri\u1ec3n khai \u0111a d\u1ea1ng c\u00e1c g\u00f3i kh\u00e1m, gi\u00fap kh\u00e1ch h\u00e0ng ch\u1ee7 \u0111\u1ed9ng h\u01a1n trong vi\u1ec7c ch\u0103m s\u00f3c s\u1ee9c kho\u1ebb hi\u1ec7u qu\u1ea3 v\u1edbi m\u1ee9c chi ph\u00ed h\u1ee3p l\u00fd.\",\"breadcrumb\":{\"@id\":\"https:\/\/hoanmy.com\/cuulong\/kham-suc-khoe-tong-quat\/#breadcrumb\"},\"inLanguage\":\"vi\",\"potentialAction\":[{\"@type\":\"ReadAction\",\"target\":[\"https:\/\/hoanmy.com\/cuulong\/kham-suc-khoe-tong-quat\/\"]}]},{\"@type\":\"BreadcrumbList\",\"@id\":\"https:\/\/hoanmy.com\/cuulong\/kham-suc-khoe-tong-quat\/#breadcrumb\",\"itemListElement\":[{\"@type\":\"ListItem\",\"position\":1,\"name\":\"Trang ch\u1ee7\",\"item\":\"https:\/\/hoanmy.com\/cuulong\/kham-suc-khoe-tong-quat\/\"},{\"@type\":\"ListItem\",\"position\":2,\"name\":\"Trang ch\u1ee7\"}]},{\"@type\":\"WebSite\",\"@id\":\"https:\/\/hoanmy.com\/cuulong\/kham-suc-khoe-tong-quat\/#website\",\"url\":\"https:\/\/hoanmy.com\/cuulong\/kham-suc-khoe-tong-quat\/\",\"name\":\"Hoan My\",\"description\":\"M\u1ed9t trang web m\u1edbi s\u1eed d\u1ee5ng WordPress\",\"potentialAction\":[{\"@type\":\"SearchAction\",\"target\":{\"@type\":\"EntryPoint\",\"urlTemplate\":\"https:\/\/hoanmy.com\/cuulong\/kham-suc-khoe-tong-quat\/?s={search_term_string}\"},\"query-input\":\"required name=search_term_string\"}],\"inLanguage\":\"vi\"}]}<\/script>\n<!-- \/ Yoast SEO plugin. -->","yoast_head_json":{"title":"KH\u00c1M S\u1ee8C KH\u1eceE T\u1ed4NG QU\u00c1T - B\u1ec7nh vi\u1ec7n Ho\u00e0n M\u1ef9 C\u1eedu Long","description":"Kh\u00e1m s\u1ee9c kho\u1ebb t\u1ed5ng qu\u00e1t \u0111\u1ecbnh k\u1ef3 ng\u00e0y c\u00e0ng tr\u1edf th\u00e0nh m\u1ed1i quan t\u00e2m h\u00e0ng \u0111\u1ea7u c\u1ee7a nhi\u1ec1u ng\u01b0\u1eddi, \u0111\u1eb7c bi\u1ec7t v\u1edbi nh\u1eefng ng\u01b0\u1eddi b\u1eadn r\u1ed9n. Th\u1ea5u hi\u1ec3u tr\u0103n tr\u1edf n\u00e0y, Khoa Kh\u00e1m s\u1ee9c kh\u1ecfe B\u1ec7nh vi\u1ec7n Ho\u00e0n M\u1ef9 C\u1eedu Long \u0111\u00e3 chuy\u00ean t\u00e2m tri\u1ec3n khai \u0111a d\u1ea1ng c\u00e1c g\u00f3i kh\u00e1m, gi\u00fap kh\u00e1ch h\u00e0ng ch\u1ee7 \u0111\u1ed9ng h\u01a1n trong vi\u1ec7c ch\u0103m s\u00f3c s\u1ee9c kho\u1ebb hi\u1ec7u qu\u1ea3 v\u1edbi m\u1ee9c chi ph\u00ed h\u1ee3p l\u00fd.","robots":{"index":"noindex","follow":"follow","max-snippet":"max-snippet:-1","max-image-preview":"max-image-preview:large","max-video-preview":"max-video-preview:-1"},"og_locale":"vi_VN","og_type":"article","og_title":"KH\u00c1M S\u1ee8C KH\u1eceE T\u1ed4NG QU\u00c1T - B\u1ec7nh vi\u1ec7n Ho\u00e0n M\u1ef9 C\u1eedu Long","og_description":"Kh\u00e1m s\u1ee9c kho\u1ebb t\u1ed5ng qu\u00e1t \u0111\u1ecbnh k\u1ef3 ng\u00e0y c\u00e0ng tr\u1edf th\u00e0nh m\u1ed1i quan t\u00e2m h\u00e0ng \u0111\u1ea7u c\u1ee7a nhi\u1ec1u ng\u01b0\u1eddi, \u0111\u1eb7c bi\u1ec7t v\u1edbi nh\u1eefng ng\u01b0\u1eddi b\u1eadn r\u1ed9n. Th\u1ea5u hi\u1ec3u tr\u0103n tr\u1edf n\u00e0y, Khoa Kh\u00e1m s\u1ee9c kh\u1ecfe B\u1ec7nh vi\u1ec7n Ho\u00e0n M\u1ef9 C\u1eedu Long \u0111\u00e3 chuy\u00ean t\u00e2m tri\u1ec3n khai \u0111a d\u1ea1ng c\u00e1c g\u00f3i kh\u00e1m, gi\u00fap kh\u00e1ch h\u00e0ng ch\u1ee7 \u0111\u1ed9ng h\u01a1n trong vi\u1ec7c ch\u0103m s\u00f3c s\u1ee9c kho\u1ebb hi\u1ec7u qu\u1ea3 v\u1edbi m\u1ee9c chi ph\u00ed h\u1ee3p l\u00fd.","og_url":"https:\/\/hoanmy.com\/cuulong\/kham-suc-khoe-tong-quat\/","og_site_name":"Hoan My","article_modified_time":"2025-07-30T03:56:11+00:00","og_image":[{"width":692,"height":461,"url":"https:\/\/hoanmy.com\/cuulong\/kham-suc-khoe-tong-quat\/wp-content\/uploads\/2024\/01\/Rectangle-5916.png","type":"image\/png"}],"twitter_card":"summary_large_image","twitter_title":"KH\u00c1M S\u1ee8C KH\u1eceE T\u1ed4NG QU\u00c1T - B\u1ec7nh vi\u1ec7n Ho\u00e0n M\u1ef9 C\u1eedu Long","twitter_description":"Kh\u00e1m s\u1ee9c kho\u1ebb t\u1ed5ng qu\u00e1t \u0111\u1ecbnh k\u1ef3 ng\u00e0y c\u00e0ng tr\u1edf th\u00e0nh m\u1ed1i quan t\u00e2m h\u00e0ng \u0111\u1ea7u c\u1ee7a nhi\u1ec1u ng\u01b0\u1eddi, \u0111\u1eb7c bi\u1ec7t v\u1edbi nh\u1eefng ng\u01b0\u1eddi b\u1eadn r\u1ed9n. Th\u1ea5u hi\u1ec3u tr\u0103n tr\u1edf n\u00e0y, Khoa Kh\u00e1m s\u1ee9c kh\u1ecfe B\u1ec7nh vi\u1ec7n Ho\u00e0n M\u1ef9 C\u1eedu Long \u0111\u00e3 chuy\u00ean t\u00e2m tri\u1ec3n khai \u0111a d\u1ea1ng c\u00e1c g\u00f3i kh\u00e1m, gi\u00fap kh\u00e1ch h\u00e0ng ch\u1ee7 \u0111\u1ed9ng h\u01a1n trong vi\u1ec7c ch\u0103m s\u00f3c s\u1ee9c kho\u1ebb hi\u1ec7u qu\u1ea3 v\u1edbi m\u1ee9c chi ph\u00ed h\u1ee3p l\u00fd.","schema":{"@context":"https:\/\/schema.org","@graph":[{"@type":"WebPage","@id":"https:\/\/hoanmy.com\/cuulong\/kham-suc-khoe-tong-quat\/","url":"https:\/\/hoanmy.com\/cuulong\/kham-suc-khoe-tong-quat\/","name":"KH\u00c1M S\u1ee8C KH\u1eceE T\u1ed4NG QU\u00c1T - B\u1ec7nh vi\u1ec7n Ho\u00e0n M\u1ef9 C\u1eedu Long","isPartOf":{"@id":"https:\/\/hoanmy.com\/cuulong\/kham-suc-khoe-tong-quat\/#website"},"datePublished":"2023-10-03T06:27:04+00:00","dateModified":"2025-07-30T03:56:11+00:00","description":"Kh\u00e1m s\u1ee9c kho\u1ebb t\u1ed5ng qu\u00e1t \u0111\u1ecbnh k\u1ef3 ng\u00e0y c\u00e0ng tr\u1edf th\u00e0nh m\u1ed1i quan t\u00e2m h\u00e0ng \u0111\u1ea7u c\u1ee7a nhi\u1ec1u ng\u01b0\u1eddi, \u0111\u1eb7c bi\u1ec7t v\u1edbi nh\u1eefng ng\u01b0\u1eddi b\u1eadn r\u1ed9n. Th\u1ea5u hi\u1ec3u tr\u0103n tr\u1edf n\u00e0y, Khoa Kh\u00e1m s\u1ee9c kh\u1ecfe B\u1ec7nh vi\u1ec7n Ho\u00e0n M\u1ef9 C\u1eedu Long \u0111\u00e3 chuy\u00ean t\u00e2m tri\u1ec3n khai \u0111a d\u1ea1ng c\u00e1c g\u00f3i kh\u00e1m, gi\u00fap kh\u00e1ch h\u00e0ng ch\u1ee7 \u0111\u1ed9ng h\u01a1n trong vi\u1ec7c ch\u0103m s\u00f3c s\u1ee9c kho\u1ebb hi\u1ec7u qu\u1ea3 v\u1edbi m\u1ee9c chi ph\u00ed h\u1ee3p l\u00fd.","breadcrumb":{"@id":"https:\/\/hoanmy.com\/cuulong\/kham-suc-khoe-tong-quat\/#breadcrumb"},"inLanguage":"vi","potentialAction":[{"@type":"ReadAction","target":["https:\/\/hoanmy.com\/cuulong\/kham-suc-khoe-tong-quat\/"]}]},{"@type":"BreadcrumbList","@id":"https:\/\/hoanmy.com\/cuulong\/kham-suc-khoe-tong-quat\/#breadcrumb","itemListElement":[{"@type":"ListItem","position":1,"name":"Trang ch\u1ee7","item":"https:\/\/hoanmy.com\/cuulong\/kham-suc-khoe-tong-quat\/"},{"@type":"ListItem","position":2,"name":"Trang ch\u1ee7"}]},{"@type":"WebSite","@id":"https:\/\/hoanmy.com\/cuulong\/kham-suc-khoe-tong-quat\/#website","url":"https:\/\/hoanmy.com\/cuulong\/kham-suc-khoe-tong-quat\/","name":"Hoan My","description":"M\u1ed9t trang web m\u1edbi s\u1eed d\u1ee5ng WordPress","potentialAction":[{"@type":"SearchAction","target":{"@type":"EntryPoint","urlTemplate":"https:\/\/hoanmy.com\/cuulong\/kham-suc-khoe-tong-quat\/?s={search_term_string}"},"query-input":"required name=search_term_string"}],"inLanguage":"vi"}]}},"lang":"vi","translations":{"vi":125},"pll_sync_post":[],"_links":{"self":[{"href":"https:\/\/hoanmy.com\/cuulong\/kham-suc-khoe-tong-quat\/wp-json\/wp\/v2\/pages\/125"}],"collection":[{"href":"https:\/\/hoanmy.com\/cuulong\/kham-suc-khoe-tong-quat\/wp-json\/wp\/v2\/pages"}],"about":[{"href":"https:\/\/hoanmy.com\/cuulong\/kham-suc-khoe-tong-quat\/wp-json\/wp\/v2\/types\/page"}],"author":[{"embeddable":true,"href":"https:\/\/hoanmy.com\/cuulong\/kham-suc-khoe-tong-quat\/wp-json\/wp\/v2\/users\/1"}],"replies":[{"embeddable":true,"href":"https:\/\/hoanmy.com\/cuulong\/kham-suc-khoe-tong-quat\/wp-json\/wp\/v2\/comments?post=125"}],"version-history":[{"count":105,"href":"https:\/\/hoanmy.com\/cuulong\/kham-suc-khoe-tong-quat\/wp-json\/wp\/v2\/pages\/125\/revisions"}],"predecessor-version":[{"id":453,"href":"https:\/\/hoanmy.com\/cuulong\/kham-suc-khoe-tong-quat\/wp-json\/wp\/v2\/pages\/125\/revisions\/453"}],"wp:attachment":[{"href":"https:\/\/hoanmy.com\/cuulong\/kham-suc-khoe-tong-quat\/wp-json\/wp\/v2\/media?parent=125"}],"curies":[{"name":"wp","href":"https:\/\/api.w.org\/{rel}","templated":true}]}}